when c is divided by 15.
12
Let d = 1 - -10. What is the remainder when d is divided by 8?
3
Suppose n + 120 = 3*o - 271, 0 = -2*n + 4. What is the remainder when o is divided by 33?
32
Let l be 2/(-10) - 4/(-20). Let m(g) = g + 12. Let f be m(-6). Suppose 4*c + f - 22 = l. Calculate the remainder when c is divided by 2.
0
Suppose 22 = r - 9. What is the remainder when r is divided by 8?
7
What is the remainder when (1 - -12)/((-3)/(-15)) is divided by 22?
21
Suppose -791 + 245 = -3*z + 2*a, 0 = a. Let p = z - -2. What is the remainder when 1/3 + p/6 is divided by 16?
15
Suppose -10*p - 301 = -17*p. What is the remainder when p is divided by 3?
1
Suppose 130*j - 133*j + 24 = 0. Calculate the remainder when 14 is divided by j.
6
Let u(j) = -6*j - 5. Suppose o + 3 = 5*d - 27, -5*d - o = -20. Let s be u(d). Let v = 67 + s. What is the remainder when v is divided by 11?
10
Let r be 4/6*(-18)/(-2). Let c(d) = d**2 - 7*d - 8. Let u be c(8). Let y = r + u. Calculate the remainder when y is divided by 3.
0
Let n = -3 - -6. Calculate the remainder when -1 + 2 + n + 0 is divided by 3.
1
Let k(c) = 3*c - 2. What is the remainder when 37 is divided by k(5)?
11
Let c = -23 + 33. Calculate the remainder when 28 is divided by c.
8
Suppose 2*w = 5*j - 81, 4*w - 76 = -3*j - j. What is the remainder when 33 is divided by j?
16
Suppose 5*k + 8 = 2*d + 4*k, 0 = -3*d + 2*k + 13. Suppose 3*x + d = 0, -2*b = -0*b - x - 25. Let y = 25 - 18. What is the remainder when b is divided by y?
5
Suppose -4*p = -3*q - 31, -5*p + q + q = -30. What is the remainder when 19 is divided by p?
3
Suppose 3*r = 2*r - 2. Let c be r/(-1) + 3/3. Let x(v) = 7*v - 4. Calculate the remainder when x(c) is divided by 9.
8
Let z = -3 - -15. Let k = 101 + -66. What is the remainder when k is divided by z?
11
Suppose 0*i = 2*i - 4. Suppose -i*d + 104 = 2*d. What is the remainder when d is divided by 14?
12
Suppose k = 4*l - 5 - 0, 5*l = 25. What is the remainder when 44 is divided by k?
14
Suppose -2*d - 4 = -0*d. Calculate the remainder when 38 is divided by 18 + 1/((-1)/d).
18
Suppose -63*b + 35 = -62*b. Calculate the remainder when b is divided by 7.
0
Let r(k) = k + 1. Let d be r(-1). Suppose -2 = -n - d*n. Suppose -w + 4*s = -n*w + 49, 3*w = 2*s + 77. Calculate the remainder when w is divided by 15.
14
Let i(h) be the third derivative of h**5/6 - h**4/24 + h**2. What is the remainder when 25 is divided by i(1)?
7
Let q = -2 - -2. Let z = q - 0. Calculate the remainder when 5 is divided by (9/(-3) - z)*-1.
2
Suppose -948 + 268 = -5*v. Suppose -52 = -4*u + v. What is the remainder when u is divided by 13?
8
What is the remainder when ((-3)/(-9))/(3/63) is divided by 2?
1
Suppose 0 = -3*u + 30 + 21. Calculate the remainder when 61 is divided by u.
10
Let o(c) = -3*c - 5. Suppose -5*y + 2*a = -63, -49 = -3*y - 4*a - 6. What is the remainder when y is divided by o(-4)?
6
Let i = -226 + 320. What is the remainder when i is divided by 19?
18
Suppose y - 21 - 15 = 0. Suppose 5*m + 2*w = 75, 0 = -6*m + 9*m + 4*w - 59. Calculate the remainder when y is divided by m.
10
Let c be 3 - 1/(2/(-82)). Suppose 7*n - l = 4*n + c, 0 = -2*l - 10. What is the remainder when n is divided by 8?
5
Let g(b) = -b - 1. Suppose -j = -4*o + 1 + 23, 2*j + o = -3. Calculate the remainder when -2 + (-24)/(-1 + -1) is divided by g(j).
1
Let b(g) = -g**2 - 3*g + 4. Let p be 2 - (0 + -1)*2. Suppose -p = -4*i + 4. Calculate the remainder when b(-3) is divided by i.
0
Let m = -10 + 14. Suppose -3*q = -m*a + 34, 0 - 2 = q. What is the remainder when a is divided by 4?
3
Let q be (2/4 + -1)*0. Let f = 118 + -72. What is the remainder when f is divided by (-1 + q - -15) + 2?
14
Let u(v) be the third derivative of -v**4/3 + v**3/6 + 2*v**2. Let s be u(-3). Let a = -8 + s. Calculate the remainder when 66 is divided by a.
15
Let t = 117 + -81. What is the remainder when 70 is divided by t?
34
What is the remainder when -1*(-22 + 0) + 20 + -19 is divided by 9?
5
Suppose 8*w = -4*w + 288. Suppose -4*m + 121 = -159. What is the remainder when m is divided by w?
22
Suppose -4*i + 0*i = -52. Let z(v) = 2*v - 3. Let x be z(2). Calculate the remainder when x/(-4) - 306/(-8) is divided by i.
12
Let i = -7 + 10. Let a = -22 + 46. Suppose -i*d = -d - a. Calculate the remainder when 35 is divided by d.
11
Suppose -2*a = 3*i - 20, -i + 4*i + 3*a = 18. What is the remainder when 30 is divided by i?
6
Let b(o) = 9*o**3 + 5*o**2 - 2*o - 5. Let c(r) = 5*r**3 + 3*r**2 - r - 2. Let q(v) = -4*b(v) + 7*c(v). What is the remainder when 15 is divided by q(0)?
3
Let n be ((-2)/(-4))/(-1)*-6. Let o = -3 - -15. What is the remainder when 1/n - (-312)/9 is divided by o?
11
Suppose 2 = -g + 13. What is the remainder when 21 is divided by g?
10
Suppose -4*w - 5 = 4*p - 41, 2*p + 12 = 4*w. Let q = p - -6. Let t = -5 + 23. Calculate the remainder when t is divided by q.
8
Let p = -8 + 12. Let r be 4*(-1 + 6/p). What is the remainder when 6 + r + (2 - 0) is divided by 6?
4
Suppose -1 = -5*j + 9. Suppose 0 = -h + d + 2*d + 4, j*h + 4*d = 58. What is the remainder when 75 is divided by h?
18
Let a = 9 + -35. Suppose -3*u + 2*z = -7*u + 6, 4*u = 4*z - 24. Calculate the remainder when (a/2)/(u/2) is divided by 9.
8
Let q(m) be the third derivative of m**6/120 - m**5/15 + m**4/8 + m**3/6 - m**2. Let y = -1 - -9. What is the remainder when q(4) is divided by y?
5
Let g be ((-4)/(-2))/((-1)/42). Let i = -49 - g. What is the remainder when i is divided by 18/(-2 + -4) + 15?
11
Let d(r) = r**3 - 6*r**2 + 5*r + 7. Let k be (-6)/10 + (-56)/(-10). Calculate the remainder when d(k) is divided by 2.
1
Let b(x) = -29*x - 1. Calculate the remainder when b(-2) is divided by 20.
17
Let h be (0 + -13)*(1 + 0). Let y = h - -32. What is the remainder when 37 is divided by y?
18
Suppose -2*w + 39 = 3*a, -w - 2*a + 17 = -3*a. Calculate the remainder when 67 is divided by w.
13
Let y = -7 + 14. Suppose 4*s = l - 28, -2*l - 4*s = -y*l + 108. Calculate the remainder when l is divided by 7.
6
Let c(w) = -2*w. Let r be -1*(0 - 7 - 0). Suppose -2*i - 15 + r = 0. Calculate the remainder when 14 is divided by c(i).
6
Calculate the remainder when 70 is divided by 24/96 - 46/(-8).
4
Suppose 2*g - 9*g + 70 = 0. What is the remainder when 16 is divided by g?
6
Let d = 6 - 1. Suppose -v = d*l - l + 10, 4*v = 2*l - 76. What is the remainder when 16 is divided by v/(-4 - -1) + 0?
4
Let u(a) = 2*a**2 - 10*a - 14. What is the remainder when u(8) is divided by 73/4 - 2/8?
16
Suppose 0*p = -4*p + 56. What is the remainder when p is divided by 3/6 - (-9)/2?
4
Suppose 2*q = 2*d - 32, -3*d + 4*q + 48 = 3*q. Suppose -4*h + 3*a = -a - d, -a = 2*h - 8. What is the remainder when -1*1*(-5 - 5) is divided by h?
2
Suppose 0 = 9*i - 4 - 68. What is the remainder when 13 is divided by i?
5
Let s(a) = a**3 - 2*a**2 - 4. Let v(r) = -3*r + 24. Let n(d) = -d + 6. Let l(w) = 15*n(w) - 4*v(w). Calculate the remainder when l(-5) is divided by s(3).
4
Let o = 23 - 13. Let w = 2 + -9. Let f = w - -11. Calculate the remainder when o is divided by f.
2
Suppose 4*x = 5 + 51. What is the remainder when 26 is divided by x?
12
Suppose 5 = 2*b + g, -5*b = -0*b + 3*g - 14. Let d be ((-72)/(-28))/(b/7). Let x = d + -8. Calculate the remainder when 28 is divided by x.
8
Let c be ((0 - 3) + 5)*7. Suppose 3*a - 24 = -3*s, 5*s - 30 = -a + c. Let h(i) = 2*i**3 - 3*i**2 - 2*i - 4. Calculate the remainder when h(3) is divided by s.
8
Calculate the remainder when 92 - 0 - 3 - 5 is divided by 43.
41
Let j(p) = -2*p**2 - 28*p + 13. What is the remainder when j(-12) is divided by 21?
19
Let u(v) = 14*v**3 - v**2 + v + 3. Let p be u(2). Let t = 164 - p. What is the remainder when t is divided by 13?
12
Let y = -4 + 8. Suppose 2*p + 2*p + 4 = 0, -y*p + 36 = 5*x. What is the remainder when 15 is divided by x?
7
Let b = -1 - -6. Suppose b*a + 3 = 393. Calculate the remainder when a is divided by 20.
18
Let h = -21 - -34. What is the remainder when 34 is divided by h?
8
Let l(t) be the second derivative of t**4/12 + 13*t**3/6 + t**2/2 + 3*t. Let a be l(-6). Let h = a - -63. Calculate the remainder when h is divided by 8.
6
Suppose 0 = -0*p - 2*p - n + 32, 3*p = -5*n + 55. Let d = -3 - -30. Calculate the remainder when d is divided by p.
12
Let